14) to base 2
1000101111110111001100
Convert 2a064ab (base 12) to base 4.
200110031003
What is -254625 (base 12) in base 8?
-2245575
2300323 (base 5) to base 9
61756
Convert -122112200002 (base 3) to base 4.
-1110103121
What is -575263 (base 11) in base 6?
-31334432
-a48d (base 14) to base 4
-12322331
Convert -145455251 (base 6) to base 4.
-23231312233
What is 2202110010202 (base 3) in base 11?
910a74
Convert -2417e7 (base 15) to base 5.
-420221132
Convert 96901 (base 13) to base 10.
271753
Convert -729868 (base 10) to base 12.
-2b2464
-2cc5a7 (base 14) to base 8
-5773607
What is -243012 (base 8) in base 10?
-83466
-624e16 (base 16) to base 4
-120210320112
746681 (base 10) to base 2
10110110010010111001
Convert 167320 (base 14) to base 15.
1087ce
What is -10011110000100101 (base 2) in base 5?
-10042213
-13102131 (base 5) to base 13
-465b2
-6ffb9d (base 16) to base 14
-d9075b
-10102213031 (base 4) to base 14
-213cbb
116460a (base 13) to base 2
10100100001010011010000
What is 1c8bc1 (base 15) in base 11?
874264
What is 1122404410 (base 5) in base 3?
11210021012101
Convert -11000101010111111 (base 2) to base 12.
-4a593
Convert -304230203 (base 6) to base 8.
-24004073
What is 21532351 (base 6) in base 14?
12cb91
Convert -2c879 (base 16) to base 8.
-544171
Convert -175447 (base 11) to base 10.
-270728
What is -b4610 (base 12) in base 3?
-102222120110
6157263 (base 8) to base 14
305d99
Convert 83683 (base 13) to base 12.
b4834
What is -11110101010011011001110 (base 2) in base 15?
-a8b9ce
Convert 43534511 (base 6) to base 13.
368428
What is 1250204 (base 6) in base 2?
10000110010011100
304621 (base 8) to base 7
566512
320243210 (base 5) to base 8
5063731
What is 100100100100111010100 (base 2) in base 15?
18a1d3
Convert 1111010010100001100 (base 2) to base 15.
9d6a4
add78 (base 16) to base 13
1bc147
Convert -33389 (base 13) to base 14.
-25bd4
Convert -4451263 (base 9) to base 3.
-11111201022010
Convert 10455b (base 16) to base 9.
2004652
What is -129437 (base 10) in base 16?
-1f99d
-11220110222001 (base 3) to base 2
-1001111100100111110111
Convert -6b2522 (base 13) to base 7.
-30436141
What is 32334444 (base 5) in base 10?
277499
What is 15332451 (base 7) in base 13?
3c6324
What is -402a76 (base 11) in base 15?
-cc0a9
-162044126 (base 7) to base 6
-1030425322
Convert -10111101100000101010101 (base 2) to base 3.
-102200111100110
Convert 240752 (base 9) to base 10.
144956
Convert -6441 (base 9) to base 5.
-122420
-1356a7 (base 12) to base 13
-b2c60
505424241 (base 6) to base 16
843ba1
57215215 (base 8) to base 11
6aa5136
Convert -122034405 (base 6) to base 5.
-1044301301
What is 1046151 (base 9) in base 10?
562186
What is -4966c (base 15) in base 8?
-711527
What is 14174445 (base 8) in base 14?
5d7909
Convert 15a3603 (base 12) to base 10.
4443555
Convert 15115007 (base 9) to base 2.
11100101001010110111100
What is -1b64218 (base 13) in base 16?
-8ab9d9
10313012321 (base 4) to base 11
7a0442
Convert -75769f (base 16) to base 9.
-15432701
Convert 1120112110 (base 3) to base 15.
92c3
4244203 (base 7) to base 13
150706
Convert -13314103 (base 7) to base 13.
-341260
What is -a82700 (base 14) in base 6?
-322001500
-2a174 (base 12) to base 4
-32121220
What is 132123112 (base 4) in base 14?
335c2
What is -121212213 (base 4) in base 3?
-12022212010
Convert -47a92 (base 12) to base 13.
-34c70
What is -15662161 (base 7) in base 2?
-101110101000000000110
Convert 1341545 (base 7) to base 11.
111a57
What is -51062 (base 8) in base 12?
-10216
Convert 131b17 (base 12) to base 3.
120222020101
Convert 56063 (base 7) to base 3.
201100112
What is 23233202100 (base 4) in base 16?
2ef890
Convert 56137 (base 15) to base 16.
42cf4
What is 7c39 (base 13) in base 10?
17455
Convert 121122210012 (base 3) to base 2.
1010000000011010101
Convert -30144024 (base 5) to base 13.
-85621
What is -2203130002 (base 4) in base 3?
-1021000022011
-2051269 (base 11) to base 10
-3617975
Convert -a6c274 (base 15) to base 2.
-11110010010000111111111
-1010111100110111000 (base 2) to base 4
-1113212320
-441b (base 13) to base 6
-111532
Convert 100011101011000011011001 (base 2) to base 10.
9351385
-475b25 (base 12) to base 5
-243310413
Convert -4323011 (base 5) to base 11.
-50254
1100010011010100110 (base 2) to base 5
100344420
-1afc09 (base 16) to base 5
-423042312
Convert 10101011001001100000001 (base 2) to base 9.
11486885
What is 541ec (base 15) in base 5?
32021242
What is 868734 (base 12) in base 2?
1000001000000000011000
-665877 (base 12) to base 16
-18d49b
-54053036 (base 7) to base 8
-21433034
121320312332 (base 4) to base 2
11001111000110110111110
Convert -10100110011010001111001 (base 2) to base 11.
-3094951
-591a79a (base 11) to base 14
-1530b7d
-111328 (base 10) to base 12
-54514
17c92 (base 16) to base 7
554020
75b5b7 (base 12) to base 3
10111202210211
-1148343 (base 9) to base 11
-395a56
What is 82033b (base 12) in base 2?
111110000001111011111
-662806 (base 10) to base 7
-5430244
Convert -1111000100100001101 (base 2) to base 8.
-1704415
Convert -12020102012111 (base 3) to base 9.
-5212174
Convert -121201121 (base 7) to base 14.
-100c581
Convert 32024550 (base 6) to base 7.
10651104
Convert 133120112 (base 4) to base 11.
8862a
Convert 2868156 (base 10) to base 16.
2bc3bc
What is 59224 (base 16) in base 6?
11454124
What is -26446ba (base 12) in base 11?
-42a088a
35850 (base 13) to base 4
113330211
10001011001001101011000 (base 2) to base 11
2634856
20031152 (base 8) to base 10
4207210
-33bc7 (base 16) to base 9
-352616
-3058ac7 (base 13) to base 14
-1d32365
-98669b (base 12) to base 11
-14007a5
-23442304 (base 5) to base 15
-44ad9
Convert -230163101 (base 7) to base 9.
-28357002
52829 (base 11) to base 13
28caa
What is 1000112121221 (base 3) in base 2?
10000100010110011000
What is 3211333 (base 7) in base 11?
24668a
What is 7771027 (base 8) in base 12?
84b69b
-618816 (base 10) to base 16
-97140
486993 (base 10) to base 11
302981
Convert -100122223100 (base 4) to base 7.
-51402563
Convert a7949 (base 13) to base 16.
49deb
-2212221111122 (base 3) to base 5
-343043214
19157 (base 15) to base 13
2b015
What is 3033120232 (base 4) in base 3?
1121011020021
What is -103243420 (base 5) in base 13?
-128453
What is 64243 (base 9) in base 2?
1010010111110011
Convert -122000110221002 (base 3) to base 14.
-12b5c66
Convert 202212002 (base 4) to base 15.
2beb8
7513e (base 16) to base 8
1650476
-452535403 (base 6) to base 8
-37373733
31213331 (base 4) to base 7
321461
Convert -23713 (base 13) to base 3.
-10022001011
-3556804 (base 11) to base 16
-5ea2f5
Convert 25131130 (base 7) to base 3.
11020210210121
b8aa1 (base 16) to base 14
159917
Convert 21703047 (base 8) to base 15.
628cd4
What is 258a017 (base 11) in base 2?
10001000101011101110001
What is -3928b9 (base 13) in base 6?
-45302110
Convert 212132133 (base 6) to base 11.
2128442
What is -312233222 (base 4) in base 5?
-24133414
What is 443054 (base 11) in base 12?
2a1058
-14106020 (base 7) to base 5
-314004033
Convert -20013320 (base 5) to base 10.
-157335
17856 (base 10) to base 2
100010111000000
Convert 1111011000110010000011 (base 2) to base 9.
7527132
Convert 10111022010020 (base 3) to base 10.
1856121
1002646 (base 10) to base 12
40429a
Convert 203013001 (base 4) to base 8.
430701
4801814 (base 11) to base 12
297b946
-11011011000001010101 (base 2) to base 4
-3123001111
Convert -1d92b1 (base 16) to base 13.
-52b205
-116385 (base 10) to base 13
-40c89
What is 126a39 (base 11) in base 6?
4135535
Convert 13033655 (base 7) to base 10.
1185056
-12b2a2 (base 15) to base 10
-898352
Convert 12276062 (base 9) to base 4.
112330111202
What is 222100211222 (base 3) in base 5?
113101224
Convert -99809 (base 10) to base 12.
-49915
Convert -8e862a (base 15) to base 10.
-6812140
What is 13455 (base 7) in base 15?
1146
What is -3444313 (base 7) in base 11?
-275059
What is -2012045 (base 7) in base 2?
-111010001101010010
Convert -12102121020 (base 3) to base 10.
-106872
183656 (base 9) to base 2
11011111001010101
What is -a4683 (base 16) in base 13?
-1a768b
-147254 (base 9) to base 10
-90607
What is 10120311313 (base 4) in base 2?
100011000110101110111
Convert 152004230 (base 6) to base 14.
5c8790
What is 120310233 (base 4) in base 14?
290ab
What is -102dac (